2). Is i/10 - 11228/(-35) composite?
True
Let m(a) = 8*a**3 + 9*a**2 + 6*a - 6. Is m(7) composite?
False
Let p = -209 + 410. Let b = p + -16. Is b a prime number?
False
Let i(o) = 10*o**2 - 7*o + 11. Is i(12) prime?
True
Let k(q) = 0*q**2 + q**2 + q**2 - 4 + 14. Let s be k(0). Suppose 4*m = 3*w + 296, 3*w + s + 2 = 0. Is m a composite number?
False
Let p = -350 + 369. Is p prime?
True
Let d = -1193 + 3726. Is d prime?
False
Is (1 + 3/(-2))*(3 - 186713) a prime number?
False
Let d(r) = -8*r**3 + 2*r**2 + 4*r + 4. Let f(i) = -i**2. Let s(x) = -d(x) - 3*f(x). Is s(3) a composite number?
True
Let v = 663 - 416. Suppose 5*j - 2*g = -0*g + v, -2*g - 149 = -3*j. Is j a prime number?
False
Let m(r) = 1 + 0*r + 8*r**3 - r**2 - r + 0*r. Let w be m(1). Suppose 4*f - w*f = -447. Is f prime?
True
Let r = 4 - -2. Let z(s) = s**3 + 9*s**2 + 16*s + 3. Let b(a) = a**3 + 9*a**2 + 15*a + 4. Let w(t) = r*b(t) - 5*z(t). Is w(-7) composite?
False
Let j(q) = -q**3 + 5*q**2 + 2*q - 5. Let g be j(9). Let o = 206 - g. Is o a composite number?
True
Is (-10523)/(-2) - (-4)/(-8) a prime number?
True
Suppose 53*i - 1232663 = 269834. Is i composite?
False
Let v be 2/(-2 + 3) + 3. Suppose 2*x = x, -3*x = -v*u + 410. Is u composite?
True
Suppose 4*q = -710 - 1478. Let a = 192 - q. Is a a prime number?
True
Let t(p) = 2*p + 7. Let s be t(-3). Let c(a) = -a**3 + 2*a**2 + a - 2. Let r be c(s). Suppose 0 = -3*w + 5*w - 2, -n - w + 554 = r. Is n a composite number?
True
Let w(v) = -20*v**2 - 8*v + 26. Let o(q) = -40*q**2 - 15*q + 52. Let p(m) = -3*o(m) + 5*w(m). Is p(-7) prime?
True
Suppose -10*i + 795 = -7*i. Suppose -236 = -5*l - 4*b + i, 3*l = 5*b + 271. Is l a composite number?
False
Let j(o) = 2*o**3 - o**2 + 1. Suppose -4*n - n + 5 = 0, 3*m + 5*n - 8 = 0. Let d be j(m). Suppose -d*c + 342 = 20. Is c a composite number?
True
Let v = -3318 + 12731. Is v composite?
False
Let o = -24 + -12. Let j be 26 + (4 - (7 - 0)). Is j*3*(-60)/o prime?
False
Let m(o) = -3*o**3 + 10*o**2 - 13*o - 5. Is m(-9) a prime number?
True
Suppose 3*q + 1 - 10 = 0. Let j(t) = 5*t + 7. Is j(q) a prime number?
False
Let u = 340 + -134. Suppose -5*m + u = -3*m. Is (m/(-2))/(8/(-16)) prime?
True
Let b(m) = 4*m**2 - 17*m + 7. Let s(n) = -5*n**2 + 18*n - 8. Let f(x) = -4*b(x) - 3*s(x). Let j be f(14). Is (-478)/j - 8/16 prime?
False
Let t be (4 + -3)/(3/(-6)). Let o be t/(-9) + (-32)/(-18). Suppose o*z = -h + 2*h + 167, 5*h = 3*z - 240. Is z prime?
False
Suppose -2*d + 6 = 0, -4*l + 21403 = 3*d - 14122. Is l a prime number?
False
Let q be 10/(-4)*(-12)/(-15)*-656. Let g = -881 + q. Is g a prime number?
True
Suppose 0 = -7*y + 6*y + 126. Suppose 2*x = 392 - y. Is x prime?
False
Let a(y) = 191*y**2 - 5*y + 6. Let k be a(3). Let c = k + 331. Is c a composite number?
True
Suppose -4*n + 3*w + 7981 = 0, -4*w - 5967 = -3*n - 8*w. Is n prime?
True
Suppose 60*j - 1570971 - 696969 = 0. Is j composite?
False
Let s(d) = 14*d**3 + 28*d**2 - 3*d + 95. Is s(12) composite?
False
Let h(o) = 42*o**3 - 13*o**2 + 32*o - 8. Is h(5) a composite number?
False
Let a = 24 + -24. Is 1837 - ((2 - 0) + a) a prime number?
False
Suppose 0*j = j - 672. Let d be (-6 - 96/(-20))/(4/(-10)). Suppose -189 = -d*u + j. Is u composite?
True
Suppose 0 = -3*l - 4*w + 10463, -2*l + 3*w + 6998 = -0*w. Is l a composite number?
True
Let r(z) = -14*z**2 + 87*z - 40. Let j(x) = -5*x**2 + 29*x - 13. Let k(t) = -11*j(t) + 4*r(t). Is k(13) a prime number?
True
Let r be ((-2)/(-4))/((-2)/(-4)). Let y(u) be the third derivative of 13*u**5/12 - 7*u**2 + 3. Is y(r) a composite number?
True
Let t be (20/(-25))/(2/(-5)). Let q = -2 - -2. Suppose t*h - 42 = -q*h. Is h prime?
False
Let b(f) = f**3 - f**2 + 4*f + 3. Let s be b(10). Let z = -452 + s. Is z a composite number?
False
Suppose 473 = -2*i - 625. Let u = i + 770. Is u a prime number?
False
Suppose -5*d = 4*x - 16, -4*d + d = 2*x - 8. Suppose -x*h + 13 = 5. Suppose h*o - 286 = 52. Is o prime?
False
Let w(r) = -195*r + 28. Is w(-23) composite?
False
Let d(w) = 68*w**3 - 9*w**2 + 26*w - 33. Is d(4) a prime number?
False
Suppose -3*v + 3 = -5*i, 3*v - 3*i = -2*i + 15. Suppose -h + 34 = -v. Suppose -2*s + h = 2. Is s composite?
False
Let i = 10203 - 6572. Is i a prime number?
True
Suppose -u + 32811 = 4*h, 32807 = 4*h - 4*u + 9*u. Is h prime?
False
Is 9349 + (64/12 - (-24)/36) a composite number?
True
Let h be 2/2*(-10)/(-10). Let i(y) = 4*y - 145*y**3 - h - y - 4*y. Is i(-1) composite?
True
Let a be (2 + (-20)/8)*-538. Suppose 5*m - 2*g - 720 = 0, -2*m + 0*m = 3*g - a. Is m prime?
False
Let f(p) = -p**3 + 22*p**2 - 20*p - 27. Let u be f(21). Is u/(-21) - (-6207)/7 composite?
False
Suppose -2*h + b = -344, -h - 3*b + 525 = 2*h. Suppose t - 2*f + 32 = h, -5 = -5*f. Is t a composite number?
True
Let f be (3 - -5)*(-3)/6. Let n = 12 + f. Is 297 + n/(4 - 0) a prime number?
False
Let v(s) = -s**3 + s - 1. Let n be v(0). Suppose 8*x - 96 = -0*x. Is ((-3)/x)/(n/524) a composite number?
False
Let q(j) = 11177*j + 145. Is q(8) composite?
False
Let d be (-1)/(1/(-8 - -3)). Suppose -d*f = -9 - 6. Suppose -3*y - 151 = -2*h, 0 = -f*y + y + 2. Is h a composite number?
True
Suppose -3*u - 11902 = -5*x, x - 3*u - 2394 = u. Let k = 4728 - x. Suppose 3*f - 327 = 5*b - k, -4*f + 16 = 0. Is b a prime number?
False
Let l(g) = 21*g**2 + 2*g - 1. Let p be 2/7 + (-99)/(-21). Suppose -1 + 11 = -p*y. Is l(y) a prime number?
True
Suppose 2*m - 3143 = -5*r, -4*m = -6*r + 7*r - 625. Is r a prime number?
False
Suppose 2*f - 26476 = -2*f. Suppose 2701 - f = -3*n. Suppose 21*c = 19*c + n. Is c a prime number?
True
Suppose -6*g - 2*g = 136. Let o be 78 + (4 - 3)*-2. Let u = o - g. Is u composite?
True
Suppose -22*a + 409256 + 81322 = 0. Is a composite?
True
Is 6/81 - 276875/(-135) prime?
False
Suppose -11 = -5*h - 2*x + 326, 3*h = 3*x + 198. Suppose h + 7 = 2*b. Suppose -b = -a + 32. Is a a composite number?
True
Let x(l) = l + 1. Let c be x(-6). Let r be 267 + c/((-15)/(-6)). Suppose -5*t + r = -0*t. Is t a prime number?
True
Suppose w + 4*w - 15 = 0. Suppose c = 3*n - 8*n + 287, -w*c = n - 63. Suppose l - 5*h - n = -12, 0 = 5*l - 3*h - 137. Is l a prime number?
False
Suppose 3*a + 16 - 41 = -h, 10 = 3*a + 4*h. Is 3175/a + 9/6 prime?
False
Suppose 6061 = -4*x + 17821. Suppose -2*w + 4*w = -4*h + x, -3*h = 4*w - 2215. Is h composite?
False
Let r(q) be the second derivative of -q**5/2 + 5*q**4/12 - q**3/3 + 12*q**2 + 21*q. Is r(-5) prime?
True
Let o = -9230 - -14727. Is o prime?
False
Let l = -51 + 36. Let p = 16 + l. Is (-2*p)/((-22)/1001) prime?
False
Let q(w) = 152*w - 25. Suppose z + 72 = 13*z. Is q(z) a composite number?
False
Suppose 3*s = -h + 1687, 0 = 2*s + 10 - 6. Is h prime?
True
Let k(w) = -w**2 - 6*w + 11. Let v(x) = -x**2 - 7*x + 11. Let d(o) = -5*k(o) + 4*v(o). Is d(3) prime?
False
Let s(k) = 39*k - 2. Let n = 17 - 10. Let l be s(n). Is (l + -4)*(-1)/(-3) a composite number?
False
Let y be (-1)/((-2)/(-3) - 1). Suppose -h + 8 = 2*j - 0, -j = y*h - 14. Suppose 2*w - 4*k = -8*k + 166, 0 = 2*w - h*k - 166. Is w composite?
False
Let j = -56 - -27. Suppose -4*z + 217 - 69 = 4*u, 0 = 4*u + 3*z - 151. Let f = u + j. Is f prime?
True
Let m(c) = c**3 - 8*c**2 + 10*c - 13. Is m(20) a composite number?
False
Suppose 5*w - 4*c = 37 - 12, 3*c + 10 = 2*w. Suppose w*b = 3*u + 736, -4*b + 6*b + 2*u = 304. Suppose 3*g = 4*g - b. Is g a composite number?
False
Suppose 5*o + 5*z = 1090, 4*z = 2*o - 0*z - 406. Suppose -5*p + o + 517 = 5*v, 1 = v. Is p a prime number?
False
Is (-40999)/(-14) + (-5)/(-10)*-3 a composite number?
False
Let r(q) = -q**3 - q**2 - q - 1. Let a(i) = 12*i**2 - 4*i + 3. Let t(d) = -a(d) - r(d). Is t(13) prime?
True
Let q = -18 - -21. Suppose -q*b = -3804 + 945. Is b composite?
False
Suppose -y + 5*n + 13 = 0, 2*y - n = 6*y - 10. Let u(l) = 8*l**2 + 0 - 4 + 16*l**2 + 2*l - 5*l. Is u(y) a composite number?
True
Let t(j) = -21*j**3 + 5*j**2 - 3*j - 11. Let b be t(4). Let w = -714 - b. Is w prime?
False
Let g(r) = r**3 - 5*r**2 - 8*r - 1. Suppose 2*l + 24 = 2*v - 0, 12 = -v - 5*l. Let i be g(v). Suppose -i = 4*f - 435. Is f prime?
False
Let b(y) = -26*y + 7. Let f(r) = -53*r + 13. Let u(v) = -7*b(v) + 4*f(v). Let w(t) = -2*t + 2. Let n be w(3). Is u(n) a prime number?
False
Let v = 1209 + -902. Is v a composite number?
False